he tens digit of 2104?
0
What is the tens digit of 2136?
3
What is the hundreds digit of 9880?
8
What is the ten thousands digit of 102153?
0
What is the tens digit of 5645?
4
What is the tens digit of 6125?
2
What is the tens digit of 65494?
9
What is the tens digit of 1363?
6
What is the tens digit of 1196?
9
What is the units digit of 30627?
7
What is the tens digit of 12986?
8
What is the thousands digit of 40415?
0
What is the tens digit of 15937?
3
What is the ten thousands digit of 58419?
5
What is the units digit of 771?
1
What is the units digit of 1356?
6
What is the units digit of 733?
3
What is the hundred thousands digit of 131032?
1
What is the hundreds digit of 27015?
0
What is the hundreds digit of 1232?
2
What is the tens digit of 2585?
8
What is the hundreds digit of 20842?
8
What is the units digit of 9354?
4
What is the hundreds digit of 1079?
0
What is the tens digit of 7029?
2
What is the units digit of 1564?
4
What is the units digit of 37476?
6
What is the hundreds digit of 816?
8
What is the hundreds digit of 889?
8
What is the ten thousands digit of 30315?
3
What is the hundreds digit of 3527?
5
What is the units digit of 8438?
8
What is the tens digit of 106505?
0
What is the hundreds digit of 630?
6
What is the units digit of 1978?
8
What is the units digit of 10185?
5
What is the tens digit of 36657?
5
What is the thousands digit of 3784?
3
What is the hundreds digit of 8460?
4
What is the thousands digit of 10232?
0
What is the units digit of 24?
4
What is the units digit of 23?
3
What is the hundreds digit of 1006?
0
What is the hundreds digit of 19297?
2
What is the hundreds digit of 271?
2
What is the thousands digit of 31426?
1
What is the tens digit of 56875?
7
What is the tens digit of 6030?
3
What is the thousands digit of 10810?
0
What is the tens digit of 4494?
9
What is the units digit of 3595?
5
What is the tens digit of 51655?
5
What is the units digit of 9247?
7
What is the tens digit of 12853?
5
What is the tens digit of 141590?
9
What is the ten thousands digit of 15853?
1
What is the tens digit of 1051?
5
What is the thousands digit of 14223?
4
What is the tens digit of 839?
3
What is the tens digit of 505?
0
What is the units digit of 6432?
2
What is the thousands digit of 1812?
1
What is the units digit of 6510?
0
What is the thousands digit of 67295?
7
What is the units digit of 21151?
1
What is the units digit of 505?
5
What is the thousands digit of 6715?
6
What is the ten thousands digit of 122584?
2
What is the tens digit of 21412?
1
What is the hundreds digit of 1013?
0
What is the hundreds digit of 564?
5
What is the units digit of 1439?
9
What is the hundreds digit of 626?
6
What is the tens digit of 82931?
3
What is the units digit of 352?
2
What is the tens digit of 50236?
3
What is the tens digit of 873?
7
What is the thousands digit of 19711?
9
What is the hundreds digit of 2459?
4
What is the tens digit of 20235?
3
What is the units digit of 10836?
6
What is the units digit of 5451?
1
What is the units digit of 1656?
6
What is the units digit of 1824?
4
What is the units digit of 923?
3
What is the tens digit of 4119?
1
What is the thousands digit of 5928?
5
What is the thousands digit of 24057?
4
What is the ten thousands digit of 66515?
6
What is the hundreds digit of 325?
3
What is the hundreds digit of 3843?
8
What is the units digit of 7938?
8
What is the units digit of 37123?
3
What is the hundreds digit of 26652?
6
What is the thousands digit of 1124?
1
What is the ten thousands digit of 31074?
3
What is the hundreds digit of 80639?
6
What is the tens digit of 1474?
7
What is the thousands digit of 7505?
7
What is the tens digit of 4294?
9
What is the tens digit of 19424?
2
What is the units digit of 527?
7
What is the tens digit of 297?
9
What is the tens digit of 1715?
1
What is the ten thousands digit of 38607?
3
What is the tens digit of 1570?
7
What is the hundreds digit of 86571?
5
What is the thousands digit of 4941?
4
What is the hundreds digit of 3251?
2
What is the hundreds digit of 11932?
9
What is the hundreds digit of 4909?
9
What is the tens digit of 8051?
5
What is the hundreds digit of 48313?
3
What is the tens digit of 18376?
7
What is the hundreds digit of 853?
8
What is the units digit of 215?
5
What is the tens digit of 106629?
2
What is the hundreds digit of 5142?
1
What is the thousands digit of 4218?
4
What is the hundreds digit of 1573?
5
What is the units digit of 20923?
3
What is the tens digit of 1855?
5
What is the thousands digit of 10677?
0
What is the units digit of 38792?
2
What is the thousands digit of 4082?
4
What is the thousands digit of 2445?
2
What is the thousands digit of 2992?
2
What is the hundreds digit of 62587?
5
What is the units digit of 374?
4
What is the hundreds digit of 1146?
1
What is the units digit of 35709?
9
What is the tens digit of 1487?
8
What is the ten thousands digit of 73100?
7
What is the ten thousands digit of 74637?
7
What is the tens digit of 71561?
6
What is the units digit of 590?
0
What is the tens digit of 3644?
4
What is the thousands digit of 8109?
8
What is the tens digit of 5449?
4
What is the hundreds digit of 763?
7
What is the tens digit of 14154?
5
What is the tens digit of 17013?
1
What is the hundreds digit of 1158?
1
What is the hundreds digit of 1982?
9
What is the hundreds digit of 515?
5
What is the hundreds digit of 2454?
4
What is the tens digit of 115?
1
What is the thousands digit of 3682?
3
What is the hundreds digit of 1755?
7
What is the tens digit of 2916?
1
What is the units digit of 8509?
9
What is the tens digit of 780?
8
What is the hundreds digit of 6708?
7
What is the tens digit of 1361?
6
What is the units digit of 1964?
4
What is the hundreds digit of 1019?
0
What is the tens digit of 102?
0
What is the hundreds digit of 1258?
2
What is the units digit of 174?
4
What is the units digit of 8202?
2
What is the tens digit of 117255?
5
What is the hundreds digit of 3982?
9
What is the hundreds digit of 344?
3
What is the hundreds digit of 437?
4
What is the units digit of 8486?
6
What is the thousands digit of 2152?
2
What is the thousands digit of 2077?
2
What is the hundreds digit of 38284?
2
What is the ten thousands digit of 22371?
2
What is the ten thousands digit of 99904?
9
What is the thousands digit of 24352?
4
What is the ten thousands digit of 10297?
1
What is the units digit of 794?
4
What is the units digit of 57907?
7
What is the hundreds digit of 4210?
2
What is the tens digit of 832?
3
What is the thousands digit of 3319?
3
What is the hundreds digit of 842?
8
What is the thousands digit of 1768?
1
What is the thousands digit of 16572?
6
What is the units digit of 2367?
7
What is the units digit of 23004?
4
What is the thousands digit of 21114?
1
What is the hundreds digit of 1726?
7
What is the thousands digit of 2261?
2
What is the ten thousands digit of 17928?
1
What is the units digit of 22198?
8
What is the hundreds digit of 2244?
2
What is the units digit of 2462?
2
What is the tens digit of 5240?
4
What is the tens digit of 19661?
6
What is the thousands digit of 16161?
6
What is the hundreds digit of 10519?
5
What is the thousands digit of 1632?
1
What is the ten thousands digit of 21999?
2
What is the units digit of 1860?
0
What is the thousands digit of 14956?
4
What is the tens digit of 2922?
2
What is the units digit of 4822?
2
What is the units digit of 258?
8
What is the units digit of 4238?
8
What is the hundreds digit of 18924?
9
What is the tens digit of 686?
8
What is the tens digit of 2516?
1
What is the tens digit of 8863?
6
What is the tens digit of 88460?
6
What is the units digit of 1862?
2
What is the tens digit of 15182?
8
What is the tens digit of 1858?
5
What is the units digit of 78157?
7
What is the ten thousands digit of 57181?
5
What is the thousands digit of 17732?
7
What is the units digit of 3274?
4
What is the hundreds digit of 1359?
3
What is the units digit of 1293?
3
What is the tens digit of 853?
5
What is the thousands digit of 1675?
1
What is the units digit of 32782?
2
What is the thousands digit of 2904?
2
What is the hundreds digit of 42848?
8
What is the ten thousands digit of 21981?
2
What is the thousands digit of